) be the first derivative of y**3/3 + 3*y**2 + 9*y - 483. What is p(-5)?
4
Let v(c) be the third derivative of c**7/1680 + c**6/360 + 11*c**5/4 + 51*c**2. Let n(l) be the third derivative of v(l). What is n(-6)?
-16
Let a(o) = -381*o + 17. Let z be a(-1). Let i(s) = 6*s**2 - 6*s + 0*s**3 + z - 199 - s**3 - 200. Give i(5).
-6
Suppose 3*u - 14*k = -13*k + 2, -15 = 3*k. Let i(h) = -10*h**2 + 1. Give i(u).
-9
Suppose 2*r - 2*k - 1054 = 22, -4*r + k + 2143 = 0. Let s = 535 - r. Let u(c) = -c**3 - c**2 + c + 3. Determine u(s).
3
Let y = 21 - 2. Suppose z = 6*z + s - 69, 0 = 3*z - 5*s - y. Suppose -5*k + 4*t = 5*t + z, 0 = 5*k + 3*t + 19. Let l(o) = -2*o**2 - 2*o + 1. Determine l(k).
-3
Suppose 2*b = -2*b + 2*i - 1054, -i = 5. Let v = -266 - b. Let c(q) = -q**3 + q**2 - q + 6. Calculate c(v).
6
Let s(t) = -t**3 - 4*t**2 - 2*t - 4. Let v be (-3)/10 - (-5271)/(-30). Let d = -179 - v. What is s(d)?
-7
Let d be (1/1)/2 - (-6227)/(-26). Let t = d - -243. Let i(q) = q**3 - 3*q**2 - 3*q. What is i(t)?
4
Let w(b) = 19*b + 12. Let q(n) = 135*n + 90. Let j(t) = -2*q(t) + 15*w(t). What is j(1)?
15
Let g(c) be the third derivative of -c**5/60 + 19*c**4/24 - 73*c**3/6 - 4786*c**2 + 2*c. Calculate g(6).
5
Let o(z) = -46*z + 42 + 155*z - 58*z + 8 - 57*z. Determine o(8).
2
Let m be (-8 - (-12)/3)*4/4. Let a(s) = -2*s**2 - 11*s - 24. Determine a(m).
-12
Let j(r) = r**2 + 10*r - 8. Let s = 728 - 338. Let x = s + -400. Give j(x).
-8
Let r(l) = 1406 + 31*l**2 - 1389 - 13*l + 0*l**2 - 19*l**2 - l**3. What is r(10)?
87
Suppose 0 = -87*p + 97*p + 30. Let z = 0 - -5. Let r(s) = 0 - 1 + z*s + 1. Determine r(p).
-15
Let u(l) = 8*l - 1121500 + 5*l**2 + 1121475 + 4*l**2 - 7*l**2. What is u(-6)?
-1
Let a(z) be the second derivative of 2*z**5/5 - z**4/12 + z**3/6 - z**2/2 + z + 15. Let g = -16 + 17. Calculate a(g).
7
Let y(h) = 6*h**3 + 4*h**2 - 3*h**2 - 2*h - 5 + 6. Let w be y(1). Suppose w - 21 = 3*m. Let g(a) = -a**2 - 3*a + 1. Determine g(m).
-9
Let l = -11 + 24. Suppose -l*z + 16*z = -12. Let p(q) = -2 + 34*q - 36*q + 5 + 4 - 2 + 3*q**2 + q**3. Give p(z).
-3
Let i(y) be the first derivative of -y**3/3 - 13*y**2/2 + 35*y + 139. Give i(-16).
-13
Let g = 319/706 - -17/353. Let f(s) be the second derivative of g*s**2 + 1/6*s**3 - 5*s + 0. Calculate f(6).
7
Suppose -371 + 367 = -4*g. Let r(j) = 2 - 4*j - 22 - g + 5 + 6. Let v be 20/(-6)*12/10. What is r(v)?
6
Let v(a) = a**3 + 53*a**2 - 4*a - 232. Let d be v(-53). Let u(p) = p**2 - p - 415. Determine u(d).
5
Let z(j) be the third derivative of j**4/12 - 65*j**3/6 + 2*j**2 + 2*j - 270. Determine z(38).
11
Let k(d) be the third derivative of -3*d**4/4 + d**3/2 - 11033*d**2. Determine k(3).
-51
Suppose o + 23 = 3*k, -2*o + o = 2*k - 12. Let m be (6 + (-154)/21)*-6. Let y(c) = -5 + 5*c**3 - 21*c**3 + 9*c**3 - 6*c**2 + 8*c**3 + 0*c**2 - m*c. Give y(k).
-12
Let a(f) = 19*f - 5*f - 19 - 13 - 16 + 47. What is a(-1)?
-15
Let o(x) be the third derivative of 11*x**2 + 0*x + 0 + 1/30*x**5 - 1/6*x**3 - 1/12*x**4 + 1/120*x**6. Suppose 16 = -s + 14. Give o(s).
3
Let l be (15/(-3) + 65)/1. Let i(x) = -32 - x + l - 29 - x. What is i(5)?
-11
Let f(d) = -5*d**2 - 72*d - 1. Let a(w) = -4*w**2 - 63*w - 2. Let b(u) = 6*a(u) - 5*f(u). Determine b(16).
-39
Let s(k) = 7*k - 238. Suppose 56*x - 134*x = -2496. Calculate s(x).
-14
Let s(i) = 268*i**2 - 197*i**2 + 52 + i**3 - 89*i**2 - 21*i. Give s(19).
14
Let k(l) be the first derivative of -l**5/120 + 5*l**4/24 - l**3/3 - 25*l**2/2 - 91. Let r(i) be the third derivative of k(i). Determine r(5).
0
Let y(s) = -76 - 7*s - 83*s**2 + 99*s**2 - 1 + s**3 - 30. Calculate y(-16).
5
Suppose -4 = -2*d - 5*j, -45*d + 41*d + 5*j = 82. Let r(z) = -z + 15. Give r(d).
28
Let b(t) = -t**3 + 10*t**2 + 21*t + 37. Suppose -16*u + 57 = -12*u - 3*q, u + 5*q = -3. Calculate b(u).
1
Let r(u) be the first derivative of u**4/4 - 3*u**3 + 19*u**2/2 - 12*u - 9780. Give r(6).
-6
Let x(u) = -2*u**3 - 3*u**2 + 3*u. Let y(i) = 17*i + 24. Let m be y(3). Suppose 10*k - m = 25. Suppose 6*f = -k + 22. Calculate x(f).
-22
Let i = 122 - 120. Let t(l) = -i*l**2 + 2*l - l + 0*l + l**2 + 4. Let r(x) = x**2 + 4*x + 5. Let b be r(-4). Determine t(b).
-16
Let s(p) be the second derivative of p**7/1260 - p**6/360 + p**5/40 + 65*p**4/12 + 19*p. Let f(v) be the third derivative of s(v). Calculate f(4).
27
Let s be ((-4)/(-10))/(1/5). Suppose 2*z - 2*p - 2 = z, -4 = 3*z + 4*p. Let g(o) = -o**s - 2*o + 7*o - 1 + z*o - 3*o. Give g(2).
-1
Let k(p) = -6*p. Let b be k(1). Let c(w) = -8*w**3 - 7*w**2 + 23*w - 5. Let l(q) = -7*q**3 - 7*q**2 + 19*q - 4. Let x(j) = 6*c(j) - 7*l(j). What is x(b)?
4
Let k(t) = -t**3 + 11*t**2 + 11*t + 14. Let o be k(12). Let y be (1/o)/((-5)/40). Let n(m) = -m**2 - m + 9. Give n(y).
-3
Let j(i) = 13*i - 25*i + 27 + 14*i. Let a be j(-12). Let x(o) = 2*o + 1 + o**3 + 0*o**a + 5*o**2 + 1 - 7*o. Calculate x(-6).
-4
Let y(u) = -236*u + 87. Let g(t) = 2010*t - 696. Let n(r) = 6*g(r) + 51*y(r). What is n(-11)?
-3
Let x(v) be the first derivative of -v**5/20 - 7*v**4/12 + 7*v**3/6 - 2*v**2 + 65*v - 43. Let b(k) be the first derivative of x(k). What is b(-8)?
4
Let g = 294 + 164. Suppose -3*r + g - 464 = 0. Let m(l) = 2*l**3 - l**2 - 3*l - 1. What is m(r)?
-15
Let q(x) = 575*x - 11. Let a be q(1). Let s(z) = -a*z - z**2 + 563*z - 2*z**3 + 4 - 4. Suppose -3*p - 9 + 3 = 0. Determine s(p).
14
Let a(p) = -8*p - 9. Let w(n) = n**2 - 38*n + 340. Let q be w(14). Give a(q).
-41
Suppose -126*d + 1233 = 11*d. Let i(t) = t**3 - 4*t**2 - 44*t - 10. Determine i(d).
-1
Let c(o) = 41*o - 521. Let d = 24779 - 24766. Calculate c(d).
12
Let w = -15166 + 15175. Let u(s) be the second derivative of -s**3/6 + 23*s**2/2 + 3*s. Give u(w).
14
Let d(r) = 29 + 588*r + 586*r - 1175*r. Let b(w) = -5. Let q(n) = 6*b(n) + d(n). Suppose 3*z + 2*s + s - 33 = 0, z - 15 = -2*s. What is q(z)?
-8
Suppose -8*c + 16 - 24 = 0. Let t(x) be the second derivative of 13*x**3/3 - 5*x - 17. Determine t(c).
-26
Let a(w) be the first derivative of 1/3*w**3 - 3*w**2 - 15 + 2*w. Let g = 30 - 23. Calculate a(g).
9
Let s(o) = -o**3 - 10*o**2 - 24*o - 13. Let f be -17 - (-19 - 51)/5. Determine s(f).
-4
Let m(c) = -c - c + 6 - 19 + 20 + c. Calculate m(7).
0
Let x(z) = 120*z - 34. Let m be x(4). Let q = 451 - m. Let c(u) = 2*u**2 - 8*u - 7. What is c(q)?
3
Let y(p) = p**3 - 7*p**2 - 9*p + 1. Suppose z - 1 + 2 = 0, 31 = 2*o - 5*z. Suppose 4*c - o - 19 = 0. Let u be y(c). Let l(r) = -3*r - 9. What is l(u)?
12
Let d(x) = 4*x**3 + 4*x**2 - 4*x + 1. Let k(c) = -3*c**3 - 3*c**2 + 2*c - 1. Let o(m) = -2*d(m) - 3*k(m). Calculate o(-1).
-1
Let v(h) = 3*h**3 + 2*h**2 + 2*h + 3. Let m be (1 - 2)/((-63)/315). Let p be (-4 + 0)/((-2 - 1) + m). Calculate v(p).
-17
Let d(f) = -2*f - 9. Let p(b) = -b**2 + 34*b - 8. Let c be p(27). Let x = 174 - c. Calculate d(x).
5
Let o(h) = -4*h - 1. Suppose 0 = t - 3*n + 52, n + 220 = -5*t + 6*n. Let r be t/70 - (-8)/14 - 2. Calculate o(r).
7
Let b(j) = 8*j - 5. Suppose 0 = g + 9*g - 10. Let k be b(g). Suppose 2*m - 9 = -4*f + 3*f, -k*m + 5*f - 6 = 0. Let v(r) = 4*r - 2. What is v(m)?
10
Let n(x) = x**3 - 7*x**2 - 6*x - 1. Let q = -46 + 51. Suppose -j - 4*z = -9, 0 = -4*z + q*z. Suppose -31 = -3*o - 2*g - j, 0 = 3*o - 3*g - 27. Give n(o).
15
Let i(g) = -1 - 21*g - 5 + 25*g - 30*g + 5. What is i(-1)?
25
Let l(h) = 13*h**3 - 5*h**2 - 3*h + 52. Let w(q) = -29*q**3 + 7*q**2 + 6*q - 103. Let c(t) = -9*l(t) - 4*w(t). Determine c(17).
-5
Let s(z) = 5*z + z**3 - 6*z + 7*z + 117 + 10*z**2 - 106. What is s(-10)?
-49
Let b(a) = -11*a**2 - a - 1. Let h(g) = 53*g**2 + 4*g + 5. Let k(r) = 5*b(r) + h(r). Let f be 1/5 + (-70)/(-25) + -1. What is k(f)?
-10
Let p(t) = -44*t + 13. Let m(y) = -52*y + 14. Let x(n) = 6*m(n) - 7*p(n). Suppose 4*u + 6 = 5*w + 33, 5*w + 9 = -2*u. Give x(w).
5
Let d(u) = 3 + 15*u - 44*u**3 - 5*u - 3*u**2 + 6 + 43*u**3 - 8*u**2. Calculate d(-12).
33
Let j(p) = -15*p - 42. Let l be j(-4). Let u(n) = n**2 - 20*n + 45. Let q be u(l). Let a(r) = -1 - r + 4*r - 2*r. Determine a(q).
8
Suppose -1 = -4*z + 7. Let d be z + 0*((-20)/(-16) - 1). Let i(w) = -2 - 2109*w**2 + 2117*w**d + 3 - 3*w. What is i(2)?
27
Let w(b) = b**2 + 8*b + 3. Let j be (-45)/(-12) - (20/(-16) - -1). Suppose 14 = 3*n + 3*o - 13, -2*n + 5*o = -j. Suppose 0*t + n = -t. Give w(t).
-4
Let v be -17 -